-3).
861
Let q(b) = -2*b**3 - 2739*b**2 + 8242*b - 6. Determine q(3).
15
Let b(o) = -4*o**2 + 5343*o + 265675. What is b(-48)?
-5
Let x(f) = f**3 + 479*f**2 - 1384*f + 30017. What is x(-482)?
133
Let v(r) = -r**3 + 155*r**2 - 41*r - 84652. Determine v(151).
361
Let s(y) = -y**3 + 18*y**2 - 8*y - 540. What is s(9)?
117
Let c(k) = -12*k**3 + 76*k**2 + 56*k - 38. Calculate c(7).
-38
Let j(z) = z**3 + 22*z**2 + 395*z + 1309. Calculate j(-4).
17
Let v(j) = -14*j**3 + 3*j**2 + 919*j - 918. Calculate v(1).
-10
Let p(g) = -3*g**3 - 563*g**2 + 306*g + 22197. Determine p(-188).
13
Let g(w) = -826*w - 3003. What is g(-4)?
301
Let y(r) = -168*r**2 - 1348*r + 2696. Determine y(2).
-672
Let k(u) = -246820*u - 987300. Calculate k(-4).
-20
Let u(w) = 234*w - 9879. Determine u(44).
417
Let x(n) = -5*n**3 + 84*n**2 - 159*n + 1457. Calculate x(16).
-63
Let v(h) = -h**2 + 6217*h - 117739. What is v(19)?
23
Let g(v) = -25*v**2 + 17777*v - 1404. Calculate g(711).
18
Let x(p) = 20371*p - 2689045. Determine x(132).
-73
Let o(b) = -2959*b + 12472. Give o(4).
636
Let h(u) = u**2 + 5672*u - 13812734. Give h(1839).
-5
Let w(b) = -b**3 - b**2 - 1047. Determine w(0).
-1047
Let q(i) = 510*i - 1129. What is q(5)?
1421
Let f(c) = 5850*c - 58459. Give f(10).
41
Let m(n) = 182*n - 1037. Determine m(11).
965
Let u(d) = d**2 - 1241*d - 15009. Calculate u(-12).
27
Let q(c) = -3*c**2 - 612*c - 30528. What is q(-116)?
96
Let t(j) = -4*j**3 - 2351*j**2 + 570*j - 10583. Calculate t(-588).
1
Let d(i) = -i**3 - 24*i**2 + 113*i - 927. Give d(-29).
1
Let u(d) = 2*d**3 - 104*d**2 - 110*d + 945. Calculate u(53).
733
Let y(x) = -1923*x + 13227. What is y(7)?
-234
Let g(a) = -a**3 - 114*a**2 - 401*a + 4379. Calculate g(-110).
89
Let c(a) = 8*a**2 - 394*a + 1385. Calculate c(4).
-63
Let h(z) = 123421*z - 863946. What is h(7)?
1
Let f(a) = 4*a**3 - 928*a**2 - 1872*a + 15. Determine f(234).
15
Let u(l) = 595144*l - 7736878. What is u(13)?
-6
Let o(a) = 9072*a + 36053. Determine o(-4).
-235
Let t(f) = -f**3 + 17*f**2 + 24*f - 430. What is t(13)?
558
Let l(c) = 1893*c - 94655. Determine l(50).
-5
Let h(c) = -702*c + 120755. Give h(170).
1415
Let w(f) = f**3 + 123*f**2 + 1800*f + 200. Calculate w(-106).
412
Let m(u) = 470*u - 5629. Determine m(12).
11
Let y(p) = p**2 + 4090*p - 136090. Give y(33).
-31
Let n(t) = 6*t**3 - 4*t**2 + 3831*t + 10. Give n(0).
10
Let z(o) = -441*o + 57547. Give z(130).
217
Let d(z) = 8*z**3 + 45*z**2 - 36*z + 150. Calculate d(-10).
-2990
Let v(n) = 7*n**3 - 1719*n**2 - 7752*n + 498. Calculate v(250).
-2
Let b(r) = -12892*r + 141808. Calculate b(11).
-4
Let l(p) = -112340*p - 112432. Calculate l(-1).
-92
Let f(q) = -1606*q + 22794. Determine f(14).
310
Let d(k) = -6049*k - 60718. What is d(-10)?
-228
Let f(x) = 19*x**3 + 11*x**2 - 201*x - 663. Give f(-3).
-474
Let f(x) = -4241*x + 1374102. Give f(324).
18
Let p(f) = -f**3 + 64*f**2 + 15*f + 3245. Give p(65).
-5
Let c(s) = 2598*s - 7813. What is c(3)?
-19
Let q(i) = -76*i - 4200. Calculate q(-49).
-476
Let c(t) = 2*t**3 + 18*t**2 - 168*t - 1074. Determine c(-5).
-34
Let f(l) = -4*l**2 + 914*l + 23674. Determine f(252).
-14
Let q(g) = -1488*g + 172001. Determine q(115).
881
Let q(o) = -39425*o**2 - 39417*o - 6. Give q(-1).
-14
Let h(l) = l**3 + 51*l**2 + 639*l + 473. Give h(-29).
444
Let v(s) = s**3 - 35*s**2 + 11*s + 2026. Give v(-7).
-109
Let o(s) = -12433*s**2 - 37292*s + 25. Give o(-3).
4
Let w(v) = 7*v**3 + 8*v**2 - 14*v + 7. Determine w(3).
226
Let f(p) = 3*p**2 + 142*p + 1840. Give f(-21).
181
Let t(m) = -244522*m - 1467152. Calculate t(-6).
-20
Let k(q) = -3447*q + 868634. What is k(252)?
-10
Let h(c) = -43410*c + 130231. Determine h(3).
1
Let g(p) = -2*p**2 + 1653*p - 152100. What is g(721)?
31
Let n(s) = s**3 + 34*s**2 - 115*s - 1005. What is n(-36)?
543
Let z(k) = -50145*k + 2657683. Give z(53).
-2
Let x(q) = 3514*q - 1694. Determine x(1).
1820
Let p(l) = -26*l + 637. Determine p(23).
39
Let q(s) = -16383*s - 507885. Determine q(-31).
-12
Let l(k) = -4561*k - 1997728. Give l(-438).
-10
Let a(q) = -q**3 + 11*q**2 - 570*q + 4993. Give a(9).
25
Let w(m) = 2*m**2 + 1310*m - 145886. Give w(-752).
2
Let a(j) = -78*j - 679. What is a(-8)?
-55
Let c(l) = -91*l**2 + 19566*l - 257. Determine c(215).
-42
Let i(t) = 209958*t - 18476303. Calculate i(88).
1
Let v(j) = j**3 - 505*j**2 - 1571*j + 23851. Determine v(508).
-25
Let t(p) = 2*p**3 - 16*p**2 + 244*p - 2321. Determine t(9).
37
Let z(n) = 1690*n + 38884. Determine z(-23).
14
Let r(k) = 11*k**2 - 4480*k + 18981. Calculate r(403).
40
Let q(c) = -431*c + 91365. Give q(221).
-3886
Let b(v) = 3194*v - 2583. Calculate b(1).
611
Let f(s) = 34*s**2 - 375*s - 372. Calculate f(-1).
37
Let s(j) = 2*j**2 - 142*j - 139. Give s(-1).
5
Let d(c) = 7919*c + 110879. Determine d(-14).
13
Let c(t) = -413*t - 1409. Calculate c(0).
-1409
Let x(o) = -o**3 - 55*o**2 + 978*o + 304. What is x(-69)?
-524
Let p(z) = -87*z**2 + 3555*z + 15607. Calculate p(-4).
-5
Let j(x) = -x**2 - 496*x - 12515. Determine j(-27).
148
Let s(q) = -5*q**3 + 39*q**2 - 142*q + 229. Determine s(4).
-35
Let n(k) = 879*k + 7569. Give n(-10).
-1221
Let i(o) = 3*o**3 - 16*o**2 + 11*o - 1743. Calculate i(0).
-1743
Let i(c) = -4*c**2 + 2328*c - 4652. What is i(580)?
-12
Let f(z) = -2*z**3 + 42192*z**2 + 42187*z - 6. What is f(-1)?
1
Let p(h) = 12326*h + 13164166. Calculate p(-1068).
-2
Let o(q) = 7*q**2 - 238*q - 1703. Determine o(-7).
306
Let u(s) = 2*s**2 + 4096*s + 604110. What is u(-160)?
-50
Let f(r) = -216*r**2 + 9945*r - 395. Calculate f(46).
19
Let w(h) = -h**3 + 43*h**2 + 3047*h - 133814. Calculate w(46).
0
Let j(w) = 6*w**3 - 209*w**2 + 353*w + 220. Calculate j(33).
-110
Let u(m) = 959*m - 3680. Determine u(4).
156
Let f(h) = -h**3 + 26*h**2 - 213*h + 3398. Determine f(17).
2378
Let n(u) = -66*u - 5426. Determine n(-84).
118
Let q(h) = 20*h**2 - 2870*h - 195951. Give q(194).
-11
Let v(b) = 4*b**3 + 172*b**2 + 1680*b - 4. Give v(-28).
-4
Let u(m) = 43*m**2 - 29194*m + 173619. Calculate u(6).
3
Let k(q) = 476*q**2 - 230850*q - 4914. Determine k(485).
-64
Let u(j) = 3*j**2 - 984*j + 62028. What is u(243)?
63
Let n(m) = -3*m**3 + 8*m**2 - 5569*m - 5578. What is n(-1)?
2
Let x(l) = l**3 - 55*l**2 - 93*l + 212. Determine x(56).
-1860
Let p(d) = -7404*d - 36859. Determine p(-5).
161
Let n(a) = a**3 - a**2 - 107*a + 519. Give n(9).
204
Let w(j) = -2572*j - 1021084. What is w(-397)?
0
Let t(h) = -287*h + 20372. What is t(71)?
-5
Let c(b) = -15134*b - 620456. What is c(-41)?
38
Let u(b) = -b**2 - 102*b + 5874. Give u(43).
-361
Let a(r) = r**2 + 476*r - 27080. What is a(-528)?
376
Let y(z) = 52980*z - 53087. Give y(1).
-107
Let n(z) = 33*z**2 - 32069*z - 128798. Determine n(-4).
6
Let k(o) = -3*o**2 + 317*o + 159889. What is k(-184)?
-7
Let v(m) = m**3 + 116*m**2 - 5852*m + 72. Give v(-154).
72
Let g(i) = i**3 + 26*i**2 + 17*i - 88. Calculate g(-25).
112
Let x(k) = -29*k**3 - 1244*k**2 + 40*k - 3834. Calculate x(-43).
-7
Let x(m) = -2*m**2 - 56924*m - 398395. Determine x(-7).
-25
Let t(r) = 19709*r + 137954. What is t(-7)?
-9
Let a(h) = 2*h**3 + 24*h**2 - 43940*h - 570877. What is a(-13)?
5
Let w(c) = -c**2 + 157183*c + 628737. Calculate w(-4).
-11
Let k(p) = -p**3 + 5*p**2 + 1599*p - 15487. Calculate k(10).
3
Let w(q) = q**3 + 21*q**2 - 3*q + 14. Determine w(-20).
474
Let l(y) = -1624*y - 102239. Calculate l(-63).
73
Let d(p) = p**3 + 138*p**2 - 1009*p + 933. Determine d(-145).
63
Let d(r) = -3*r**3 - 2053*r**2 + 12354*r + 5. Calculate d(6).
-427
Let f(s) = s**3 + 46*s**2 + 9*s + 24. Give f(-46).
-390
Let q(m) = -10*m**3 - 16*m**2 - 46*m - 5. What is q(-7)?
2963
Let g(a) = -4063*a + 540382. Determine g(133).
3
Let n(r) = -r**2 + 303*r - 8180. Calculate n(273).
10
Let d(x) = -285*x + 4995. Determine d(17).
150
Let v(c) = -314652*c - 314652. Give v(-1).
0
Let o(f) = -7433*f + 289735. Give o(39).
-152
Let c(z) = -25271*z + 65. Give c(0).
65
Let v(g) = -3*g**3 + 17*g**2 + 25*g - 176. Give v(5).
-1
Let r(g) = -16*g + 2023. What is r(138)?
-185
Let i(n) = -10352*n + 124159. What is i(12)?
-65
Let t(r) = -3084*r + 203516. Give t(66).
-28
Let d(t) = 34*t**3 - 6*t**2 + 317*t + 656. Give d(-2).
-274
Let a(j) = 10223*j + 81588. What is a(-8)?
-196
Let g(z) = z**3 + 2797*z**2 + 5600*z + 4. Calculate g(-2).
-16
Let n(h) = -h**2 - 36*h